.
499
Calculate the highest common divisor of 51 and 72641.
17
Calculate the highest common divisor of 21414 and 86.
86
What is the greatest common factor of 585 and 652635?
45
What is the greatest common divisor of 22726 and 154?
22
What is the greatest common divisor of 3210 and 30?
30
Calculate the greatest common divisor of 1952 and 23936.
32
Calculate the greatest common factor of 62888 and 21.
7
What is the highest common factor of 782046 and 18?
18
What is the greatest common divisor of 7491 and 5346?
33
Calculate the greatest common divisor of 432 and 269344.
16
Calculate the highest common divisor of 117921 and 69.
69
Calculate the greatest common divisor of 25245 and 279990.
2295
What is the greatest common factor of 5536 and 173?
173
Calculate the greatest common divisor of 1065030 and 8515.
655
Calculate the greatest common factor of 9709 and 292.
73
Calculate the greatest common factor of 453752 and 13.
13
What is the highest common factor of 21840 and 948?
12
Calculate the greatest common factor of 1454078 and 136.
34
Calculate the highest common factor of 86 and 74089.
43
What is the highest common divisor of 281110 and 10?
10
What is the highest common factor of 129580 and 140?
20
Calculate the highest common factor of 68 and 65994.
34
Calculate the highest common divisor of 8797 and 893.
19
Calculate the greatest common factor of 540 and 162135.
135
Calculate the greatest common divisor of 9 and 3873.
3
Calculate the highest common factor of 22576 and 6256.
272
Calculate the highest common factor of 648 and 5120.
8
What is the highest common factor of 83500 and 155644?
668
Calculate the greatest common divisor of 700 and 118900.
100
What is the highest common factor of 136 and 903108?
68
Calculate the highest common factor of 207 and 214659.
207
Calculate the highest common divisor of 458552 and 2752.
344
Calculate the greatest common divisor of 39936 and 71936.
256
Calculate the highest common factor of 165445 and 35.
35
Calculate the greatest common divisor of 1260 and 24020.
20
What is the highest common factor of 71078 and 182?
14
What is the highest common factor of 14 and 241346?
14
Calculate the greatest common divisor of 370 and 4227805.
185
What is the greatest common factor of 103 and 2836723?
103
What is the highest common factor of 165 and 6690?
15
Calculate the greatest common factor of 6493 and 473.
43
Calculate the greatest common factor of 17 and 47226.
17
What is the greatest common divisor of 232 and 168374?
58
Calculate the greatest common divisor of 14 and 790048.
14
Calculate the greatest common divisor of 90 and 530.
10
What is the highest common factor of 61222 and 378?
14
What is the greatest common divisor of 78930 and 3870?
90
Calculate the highest common factor of 2002 and 711074.
182
What is the greatest common factor of 10 and 314425?
5
Calculate the greatest common factor of 9301 and 568.
71
What is the highest common factor of 7600 and 650?
50
Calculate the highest common divisor of 538740 and 4500.
180
What is the greatest common divisor of 250 and 201340?
10
Calculate the greatest common factor of 48160 and 1806.
602
What is the greatest common divisor of 1726 and 112?
2
Calculate the greatest common factor of 11016 and 49929.
51
Calculate the greatest common divisor of 2527 and 532.
133
Calculate the greatest common factor of 30 and 6745.
5
Calculate the highest common divisor of 3175 and 2725.
25
What is the greatest common divisor of 54 and 232560?
18
Calculate the greatest common factor of 6228 and 1812.
12
Calculate the highest common factor of 1005258 and 6.
6
What is the highest common factor of 18 and 98954?
2
What is the highest common divisor of 925 and 33115?
185
Calculate the highest common divisor of 150 and 14010.
30
Calculate the greatest common divisor of 5 and 104530.
5
Calculate the greatest common factor of 930 and 126666.
186
Calculate the highest common divisor of 8366 and 2314.
178
Calculate the highest common divisor of 1952 and 19276.
244
What is the greatest common divisor of 399 and 8841?
21
What is the highest common factor of 243 and 38475?
81
What is the greatest common divisor of 1827840 and 459?
51
Calculate the highest common divisor of 1638 and 11583.
117
What is the greatest common factor of 62 and 3736058?
62
What is the greatest common divisor of 4 and 2545024?
4
What is the highest common factor of 74 and 33707?
37
What is the greatest common factor of 804 and 87636?
804
What is the greatest common factor of 204 and 5459312?
68
Calculate the greatest common divisor of 32 and 61588.
4
Calculate the greatest common divisor of 3638 and 361446.
214
Calculate the greatest common factor of 309 and 508717.
103
What is the highest common divisor of 247925 and 1688?
211
What is the greatest common factor of 26 and 1634243?
13
What is the highest common factor of 170 and 110857?
17
Calculate the greatest common factor of 2904 and 11352.
264
What is the greatest common factor of 10920 and 7980?
420
Calculate the greatest common factor of 53679 and 174.
87
What is the greatest common factor of 5605 and 80240?
295
Calculate the highest common factor of 33076 and 34.
2
Calculate the highest common divisor of 62751 and 2769.
39
Calculate the greatest common divisor of 311157 and 147.
21
Calculate the greatest common divisor of 2482 and 22192.
146
What is the greatest common divisor of 174 and 27028?
58
What is the highest common divisor of 637 and 7891?
13
Calculate the highest common factor of 1719 and 660669.
573
What is the highest common factor of 26 and 20436?
26
What is the greatest common divisor of 20 and 57910?
10
What is the greatest common divisor of 19068 and 630833?
1589
Calculate the greatest common factor of 297 and 297891.
297
Calculate the greatest common divisor of 15 and 13245.
15
Calculate the greatest common divisor of 1778 and 4690.
14
Calculate the greatest common factor of 1537886 and 28.
14
Calculate the greatest common divisor of 268 and 148.
4
Calculate the highest common divisor of 34 and 772.
2
What is the greatest common factor of 4667 and 24771?
359
Calculate the greatest common factor of 32 and 1502.
2
Calculate the highest common factor of 12 and 1844412.
12
Calculate the highest common divisor of 1694 and 3806.
22
What is the highest common divisor of 1861745 and 295?
295
Calculate the greatest common factor of 9042 and 44.
22
Calculate the greatest common factor of 2255607 and 81.
81
What is the greatest common divisor of 646 and 2242?
38
Calculate the greatest common divisor of 144 and 619632.
144
Calculate the highest common factor of 19 and 144457.
19
What is the greatest common factor of 2954 and 1522787?
1477
What is the greatest common factor of 444 and 9916?
148
Calculate the highest common factor of 506 and 39721.
253
Calculate the greatest common divisor of 143 and 161668.
13
Calculate the highest common factor of 440620 and 20.
20
Calculate the highest common divisor of 27500 and 30.
10
Calculate the highest common divisor of 3 and 2004825.
3
Calculate the highest common factor of 1787 and 430667.
1787
What is the greatest common factor of 1396 and 920662?
698
Calculate the highest common divisor of 7218 and 18.
18
What is the highest common factor of 26 and 44122?
26
Calculate the highest common divisor of 1378 and 8851.
53
Calculate the highest common divisor of 6531 and 87.
3
What is the greatest common divisor of 1854 and 75168?
18
Calculate the highest common factor of 299630 and 664.
166
What is the highest common factor of 427 and 2267797?
427
Calculate the greatest common divisor of 1390 and 80898.
278
What is the highest common divisor of 2195 and 55?
5
What is the highest common factor of 52640 and 300160?
1120
Calculate the greatest common factor of 360 and 502440.
120
What is the greatest common divisor of 388824 and 120?
24
What is the greatest common factor of 75481 and 861?
287
What is the greatest common divisor of 33456 and 80?
16
Calculate the highest common factor of 632772 and 112.
28
What is the highest common divisor of 151090 and 522?
58
Calculate the greatest common divisor of 125376 and 384.
192
What is the highest common factor of 5385 and 5835?
15
What is the highest common factor of 30501 and 81?